-p + 8*p - r*p + 2. Calculate o(u).
-1
Let v(s) = -s**2 + 7*s + 4. Let a(z) = 2930*z - 1399*z + 68 - 2*z**2 - 1473*z. Let o be a(30). Calculate v(o).
-4
Let v(l) be the second derivative of l**3/6 - 7*l. Let u be v(2). Let d(q) = 0*q**2 - 2*q - 3*q + 6*q**u + 2 - q - q**3. Determine d(5).
-3
Let w = -21262 + 21266. Let b(y) = -20*y + 3. Calculate b(w).
-77
Suppose -3*g + 9 = 2*c - 9, -4*c + 2*g = -4. Suppose w + 14 = c*o, -5*w + 3*o = -0*o + 58. Let b(p) = 2*p + 22. Calculate b(w).
0
Let s(c) = c**3 + 8*c**2 + 7*c + 19. Let l(z) = z**3 + 24*z**2 - 19*z + 143. Let g be l(-25). Calculate s(g).
19
Let p(y) be the first derivative of y**5/6 + y**4/24 + 137*y**2 - 279. Let s(i) be the second derivative of p(i). Determine s(-1).
9
Let c(r) = 4*r - 5. Suppose -5*z = -5*g - 5, 2*g + 13 = 3. Let d be (3 - (2 + z)) + 10/(-5). What is c(d)?
7
Let b(y) be the second derivative of -y**3/3 - 3*y**2 + 2*y. Suppose -12*g = -36 + 120. Let n be 2/g - (-78)/(-21). Calculate b(n).
2
Let p(k) = -k**2 - 11*k - 30. Suppose -109*s = -113*s - 4*z - 52, -5*z = 25. Calculate p(s).
-6
Let y(o) be the second derivative of -49*o**3/6 + 290*o**2 - 11704*o. Give y(12).
-8
Let f(x) = -8632 + 9*x - 8678 + 17326. Give f(-11).
-83
Let s(w) = 2*w - 8. Suppose 22*m + 222 + 674 = 134*m. What is s(m)?
8
Let j(p) = -6*p**2 + 1 + 16925*p + p**3 - 8462*p - 8456*p. Determine j(4).
-3
Suppose -20*m = -21*m + 28. Let v(y) = -y + 2*y**2 - m*y**3 + 7*y - 3*y - 4 - y + 5. Calculate v(-1).
29
Let u(z) = -21*z - 18*z + 45 + 51*z - 3*z**2 + 3*z**3 - 15*z. Let b(w) = 5*w**3 - 5*w**2 - 5*w + 67. Let r(o) = 5*b(o) - 8*u(o). Calculate r(0).
-25
Let o(g) = g**3 - 5*g**2 + 4*g + 4. Let j(y) = 5*y**3 + y**2 - 2. Let n be j(1). Suppose 0 = n*b + 4*f - 12, -5*b = -4*f + 1 - 25. Determine o(b).
4
Let r = 405 - 401. Let q(k) be the third derivative of k**6/720 + k**5/24 - 7*k**4/12 + 20*k**2. Let j(d) be the second derivative of q(d). Determine j(r).
9
Let n(k) = -2*k**2 + 4*k - 3. Let z = 7 - 30. Let q = z + 14. Let c be (-2)/(-1 - q) - (-9)/4. Calculate n(c).
-3
Let i(b) = -b**2 - 7*b + 11. Let t = -301 + 296. Let s be 24/15*10*t/10. Determine i(s).
3
Let x(w) = 5*w - 40. Let z(f) = 5*f**2 - 2*f - 10. Let u be z(2). Calculate x(u).
-10
Let f(i) be the first derivative of 2917 + i**2 - 4*i - 2*i**2 - 2997. Determine f(-6).
8
Let s(v) = -7*v**2 + 2*v - 3. Suppose -771*t = -759*t - 12. Calculate s(t).
-8
Let i(c) = 2*c - 1. Suppose -5*n = -3*p - 4, 0*p + 2 = 2*p - n. Let b be i(p). Let l(r) = -5*r**b - 6*r**3 - 5*r + 10*r**3 + 7*r**2 - 4*r. Calculate l(6).
-18
Let y(t) = 2*t**2 - 7*t. Let z(v) = -v**2 + 3*v - 1. Let r(h) = -h**2 + 20. Let a be r(5). Let i(p) = a*z(p) - 2*y(p). Let j = -1 - -1. What is i(j)?
5
Let n(y) be the first derivative of -y**3/3 + 6*y**2 - 4*y - 3934. Determine n(7).
31
Let s(f) = -3*f**2 + 38*f + 17. Let b(c) = 3*c**2 - 44*c - 19. Let j(r) = -5*b(r) - 6*s(r). Determine j(0).
-7
Let k = -12 - -16. Suppose 2*t = 4*t - 3*o + 3, -4*t - k*o + 24 = 0. Let x(z) = 2*z**2 + 3*z**3 - 62 + 61 + t*z**3. What is x(1)?
7
Let w(t) be the first derivative of t**2/2 - 5*t - 15. Let k be w(2). Let m be 42/(-12)*(-6)/k. Let g(a) = -a**3 - 8*a**2 - 7*a + 8. Give g(m).
8
Let t(g) = g**3 - 5*g**2 + 7*g + 2. Let x(q) = 2*q**3 - 4*q**2 + 6*q + 1. Let s(p) = 3*t(p) - 2*x(p). Let b = 17703 - 17711. What is s(b)?
-4
Let t(p) be the second derivative of p**3/6 - 15*p**2/2 - 9*p + 62. What is t(-8)?
-23
Let h(x) = -3*x - 15. Let p be h(-8). Suppose 11 + 7 = p*w. Let c(j) = 8 - w*j**2 + 95*j - 93*j + j**2. Give c(6).
-16
Let b be 3*(-2)/15 + (-2760)/(-25). Let h = b - 104. Let r(t) = -t**2 + 11*t + 7. Give r(h).
37
Let u(r) = r**3 - 63*r**2 + 340*r + 112. Let k be u(57). Let g(v) = 18*v**2 + v. Calculate g(k).
70
Let z be (40 - 21) + -7 - 6/(2/2). Let a(q) = -q**3 + 7*q**2 + 4*q - 2. What is a(z)?
58
Let v(t) = t**3 - 5*t**2 + 4*t + 7. Let h be v(4). Let i(w) = w**2 - 12*w + 1. Calculate i(h).
-34
Suppose -144*m = -174*m + 210. Let p(a) = -15*a + 36. What is p(m)?
-69
Let k be 4*((-1)/13 - 2/104*165). Let z(n) = n**3 + 12*n**2 - 10*n + 49. What is z(k)?
10
Suppose -11*g - 4*g = -945. Suppose -g*k + 69*k = -12. Let r(z) = 3*z**3 - z**2 + 2. What is r(k)?
-26
Let x(q) = 2*q. Suppose 5*a + 2*g - 163 = -25, 0 = -a - 4*g + 24. Suppose 0 = -4*p - 4*w, -5*p + 7*w = 5*w - a. Calculate x(p).
8
Suppose 40 = 7*i + i. Suppose 42 = 3*q + 4*j, -q + 0*j = -i*j - 33. Suppose 3*f - q = -5*u, 4*f - 2 - 14 = -4*u. Let r(v) = 9*v**3 - v**2 + v. What is r(f)?
9
Let a(k) = 21*k**2 - 8*k - 24. Let n(u) = 16*u**2 - 6*u - 22. Let r(b) = -3*a(b) + 4*n(b). Give r(6).
20
Let m(t) be the second derivative of -t**5/40 - t**4/6 + t**3/2 - t**2/2 + 7*t + 3. Let s(n) be the second derivative of m(n). Calculate s(5).
-19
Let r(j) = 13*j + 8 + 19 - 4 - 14 - 6 - j**2. Give r(12).
15
Let m(b) = b**2 - 9*b - 135. Suppose 0 = j + 5*v + 43, j + 171*v - 167*v = -36. Determine m(j).
1
Let p = -174191 + 174197. Let w(k) = 5*k - 10. Let q(h) = -h + 2. Let r(b) = 11*q(b) + 2*w(b). Give r(p).
-4
Let x = -4755 + 4752. Let y(t) = -4*t - 9. Give y(x).
3
Let m(l) = 3*l**2 - 686*l + 21. Let v(i) = i**2 - 272*i + 11. Let s(a) = -2*m(a) + 5*v(a). Suppose 2*d - 15 - 9 = 0. What is s(d)?
13
Let y(g) be the second derivative of -g**4/12 + 5*g**3/3 + 11*g**2 - 129*g + 5. Calculate y(12).
-2
Let q = -67 + -111. Let z = q - -175. Let l(g) = -2*g - 8. Determine l(z).
-2
Let u(w) = 3*w**3 - 26*w**2 + 31*w + 135. Let k(v) = 2*v**3 - 17*v**2 + 21*v + 93. Let i(c) = 7*k(c) - 5*u(c). What is i(10)?
-4
Let z(h) be the first derivative of -3*h**2 - 19*h - 1283. Determine z(9).
-73
Suppose d = -4*l, -68*d + 69*d + 16 = 4*l. Let b(o) = -3*o**2 - 2*o + 3 + o**3 + 11*o**2 + 2 - 3. What is b(d)?
18
Let a be 1*-8*(-1)/(-1). Let j(x) be the first derivative of -4*x**2 + 4*x + 1/4*x**4 + 11 + 7/3*x**3. Calculate j(a).
4
Let u(l) = 4 - l + 4*l**2 - 5*l**2 - 3. Suppose -5*p - 10 = -a, a - 2 = 4*p + 7. Let d(k) = -5*k**2 - 9*k + 4. Let f(v) = p*d(v) + 4*u(v). Determine f(-6).
6
Let q(z) be the third derivative of z**6/30 + z**5/60 + 7694*z**2. Give q(-1).
-3
Let f(a) be the first derivative of -a**4/24 + 7*a**3/6 - 3*a**2/2 - 2*a + 79. Let v(t) be the second derivative of f(t). Give v(8).
-1
Let n(r) = r**2 + 4*r - 5. Suppose 2*g = j + 4*g - 6, -5*g = -5*j + 30. Suppose -23 = -j*u + 1. Suppose -a + 0*a = u. Give n(a).
-5
Let p(c) = 585 - 1310 + 581 + c**2 + 6*c. What is p(-15)?
-9
Let x(b) = -3*b**2 + 3*b**2 + 2*b + 1 + 6*b**3 + b**2. Let o = -166 - -169. Let m(k) = k**2 + 8*k - 34. Let f be m(o). Determine x(f).
-6
Let n = 5922 - 5928. Let x(t) = 9*t - 5. What is x(n)?
-59
Let r be 104/(-6)*(-270)/1080. Let g(h) be the first derivative of -r*h**3 - h**2 + 9 - h. Calculate g(-1).
-12
Let d(r) be the second derivative of r**6/240 + r**5/30 - 23*r**4/4 + 72*r. Let c(j) be the third derivative of d(j). Give c(-5).
-11
Let t(v) = -v**3 - 7*v**2 - 7*v - 2. Suppose 4*i + 60 = -2*p - 2*p, 3*i - 51 = 5*p. Let h be (27/p)/(2/48*9). Calculate t(h).
4
Let n = -22 - -50. Let l = n - 20. Let u(m) = 10*m**2 - l*m**2 - m**2 - 8*m + 8. Give u(7).
1
Let x(o) = o**3 + 20*o**2 + 2*o + 43. Let z = 479 - 803. Let k = z - -304. What is x(k)?
3
Let n(i) = 4*i + 77. Let k(t) = -8*t - 98. Let c(q) = 4*k(q) + 7*n(q). Calculate c(41).
-17
Let o(t) = t**2 + t + 11. Suppose 0 = h - n - 1 - 3, -3*h + 4*n = -16. Suppose 1 = -g, 3*f + h*g - 1 = g. Determine o(f).
11
Suppose -1 = -5*u + 24. Suppose u*l + 40 = -4*g, 4 + 27 = -4*l - 3*g. Let p(q) = -q - 3. Calculate p(l).
1
Let c = 3874 - 3864. Let r(y) = 3*y - 2. Let b be r(2). Suppose 0 = -4*l + d - 6*d - c, 0 = 4*l + b*d + 12. Let z(v) = -3*v. Calculate z(l).
15
Let d = -66 + 101. Let t = d - 31. Suppose 3*k - 11 = t*o, 0*k - 5*k = -5*o - 15. Let s(m) = -5*m**3 - m**2 - m + 1. Calculate s(k).
-6
Suppose 6*w = 3*w + b + 1, 4*w = 2*b - 2. Let g(q) = 99 - 6*q - 204 - q**w + 106. What is g(-3)?
10
Let w(d) be the second derivative of d**3/2 + 25*d**2/2 - d. Let n(f) = -f**3 + 55*f**2 - 634*f + 34858. Let c be n(55). Determine w(c).
-11
Let o(z) = -z**3 - 6*z**2 + 9*z. Suppose -49 = 2*w - 5*c, -2*c + 277 = -2*w + 249. Calculate o(w).
-14
Suppose r = 4*r. Let m be -1 - -1 - (-6 - r - -4). Suppose m*s = 7*s + 3*i - 16, -2*i + 10 = 3*s. Let x(t) = 2*t**2 + 3*t - 3. Give x